101100 + -21?
102101002
In base 2, what is -10000001011000 - 1011?
-10000001100011
In base 8, what is 15157 + 14?
15173
In base 7, what is 161501 - -131?
161632
In base 12, what is 13a - 2?
138
In base 7, what is 2 - 123066?
-123064
In base 10, what is 1919 - -196?
2115
In base 15, what is -14ae - -de?
-13c0
In base 13, what is -4 - 4a44?
-4a48
In base 11, what is -454 - 7942?
-8296
In base 9, what is 240 + -144?
85
In base 15, what is -75a - -727?
-33
In base 7, what is 1161 - -42461?
43652
In base 4, what is 32011100 - -2?
32011102
In base 5, what is 14304 + -3201?
11103
In base 11, what is 40 - -880?
910
In base 15, what is e - -4b5?
4c4
In base 13, what is 0 + -1353a5?
-1353a5
In base 12, what is 565492 - -4?
565496
In base 4, what is -212 + 113322?
113110
In base 6, what is -1 + -11342451?
-11342452
In base 7, what is -4 - 10025412?
-10025416
In base 12, what is 1 + -10389?
-10388
In base 15, what is -4 + 13b85?
13b81
In base 3, what is -211202 + 100001?
-111201
In base 9, what is -647767 - 1?
-647768
In base 7, what is 50220 - -1216?
51436
In base 12, what is 5 - 8164?
-815b
In base 11, what is 27 - -429?
455
In base 10, what is 51301 - 4?
51297
In base 4, what is 1123200301 - 10?
1123200231
In base 11, what is -264 - -20?
-244
In base 14, what is 7 - 371?
-368
In base 10, what is 182 - -209?
391
In base 3, what is 20020210122 + -1?
20020210121
In base 7, what is -4 + -10462?
-10466
In base 10, what is 2 - -12165?
12167
In base 15, what is 26 - 21eb?
-21c5
In base 3, what is 10101011 + 201?
10101212
In base 11, what is 91a + -466?
464
In base 9, what is -21 + -757?
-778
In base 16, what is -4 - 4b824?
-4b828
In base 11, what is -4 + 19095?
19091
In base 13, what is 5 - -15ac03?
15ac08
In base 5, what is 3 - -43342420?
43342423
In base 15, what is 205 - a?
1ea
In base 5, what is 10 - 14112?
-14102
In base 10, what is 87 - -2290?
2377
In base 7, what is -2251 - 4545?
-10126
In base 15, what is -5ab8b + 1?
-5ab8a
In base 14, what is 2a74c - 3?
2a749
In base 10, what is -3 - 35522?
-35525
In base 9, what is -244 - 18488?
-18743
In base 6, what is -2 - -505152?
505150
In base 10, what is -795980 + -3?
-795983
In base 16, what is 15 + 3e25?
3e3a
In base 10, what is -53 + -3512?
-3565
In base 14, what is 20 - -10cb?
110b
In base 3, what is -110 - -2212112221?
2212112111
In base 11, what is 2386 - -140?
2516
In base 11, what is -5 - -234043?
234039
In base 6, what is 3205 - -12354?
20003
In base 14, what is 3 - -501b?
5020
In base 16, what is 28376 + -c?
2836a
In base 15, what is -9b9 + 21?
-998
In base 13, what is -3207 - 5?
-320c
In base 14, what is 768 + 5?
76d
In base 2, what is 1011 + -111001000010?
-111000110111
In base 11, what is -1a925 - 0?
-1a925
In base 3, what is -200222220121 + 0?
-200222220121
In base 2, what is 1000100110001 + 10001110?
1000110111111
In base 15, what is 3db + 2ad?
699
In base 8, what is 13 + 1223?
1236
In base 5, what is -3 + 311040?
311032
In base 10, what is 322 + -1384?
-1062
In base 7, what is -6 - 54141?
-54150
In base 6, what is 1150 + -24542?
-23352
In base 2, what is 111010110000110 - 1101?
111010101111001
In base 5, what is -4 - 1202403?
-1202412
In base 13, what is 17643 + -1?
17642
In base 16, what is c - -4f7?
503
In base 10, what is -84 + -1745?
-1829
In base 9, what is 5 + 21555?
21561
In base 5, what is 1034120 + -4?
1034111
In base 9, what is -1061837 + 4?
-1061833
In base 7, what is -146365 - 244?
-146642
In base 16, what is 5 - 59c76?
-59c71
In base 11, what is 9 + 70768?
70776
In base 3, what is 11000 + -20120201?
-20102201
In base 11, what is 19 - 380?
-362
In base 7, what is -2 + 1312603?
1312601
In base 9, what is 10 - -132018?
132028
In base 7, what is -11012 - 355?
-11400
In base 8, what is -6230 + -20?
-6250
In base 8, what is -21 - 4562?
-4603
In base 10, what is 31972 + 5?
31977
In base 13, what is 26 - -23c?
265
In base 8, what is 526170 - 2?
526166
In base 12, what is -430 - 11a?
-54a
In base 3, what is -2 + 12012211?
12012202
In base 4, what is 213332001 + 11?
213332012
In base 9, what is 52810 + 40?
52850
In base 15, what is 14 - -9ae?
9c3
In base 3, what is 111012 + -10?
111002
In base 14, what is -b120 - -16?
-b108
In base 7, what is -4 - -13431606?
13431602
In base 4, what is -12303 - 1003?
-13312
In base 10, what is 5 - -68044?
68049
In base 4, what is 11312 + 3301?
21213
In base 6, what is -52030 + -53?
-52123
In base 7, what is 2563 + -206?
2354
In base 5, what is -10 - 102014?
-102024
In base 5, what is -14 - 1031300?
-1031314
In base 16, what is -3 - 14b66e?
-14b671
In base 7, what is -5 - 562226?
-562234
In base 7, what is -15516 + 1?
-15515
In base 14, what is -19ac - -4?
-19a8
In base 9, what is 1 + -71425?
-71424
In base 16, what is cdb - -6?
ce1
In base 3, what is 1200101 - 21?
1200010
In base 13, what is 7507 + 97?
75a1
In base 6, what is -2214 + -15123?
-21341
In base 13, what is 387 + 57?
411
In base 10, what is 1868 + 3?
1871
In base 3, what is -1 - 212200100?
-212200101
In base 9, what is -58 - 827?
-886
In base 11, what is 12 + a2?
104
In base 10, what is -314196 + 2?
-314194
In base 15, what is e53bc + 0?
e53bc
In base 6, what is -1415552054 + 3?
-1415552051
In base 8, what is -3 - -45457?
45454
In base 15, what is 3 + 228c9?
228cc
In base 8, what is -1 - 73402?
-73403
In base 8, what is -20 - -600225?
600205
In base 7, what is -1 - 6460066?
-6460100
In base 11, what is 8 + 7337?
7344
In base 8, what is -3 + -22671?
-22674
In base 6, what is 245 + 333?
1022
In base 13, what is 4 - -5b19?
5b20
In base 4, what is 3131 - -213021?
222212
In base 3, what is 10210 + -202222?
-122012
In base 10, what is 3 - 431416?
-431413
In base 2, what is 11100 + -11101000?
-11001100
In base 4, what is 22322 + -10230?
12032
In base 11, what is 28676 - 9?
28668
In base 12, what is -94 + 271a?
2646
In base 4, what is 102 - -20200313?
20201021
In base 13, what is -210 + -8?
-218
In base 11, what is -44 - -20?
-24
In base 16, what is -a2d - 1c0?
-bed
In base 9, what is 7360822 + -1?
7360821
In base 11, what is 5 + -12316?
-12311
In base 14, what is -8 - -25642?
25638
In base 7, what is 1013465 + 1?
1013466
In base 8, what is -4 + 340742?
340736
In base 6, what is -23 - 13102032?
-13102055
In base 2, what is -10010110000 + -10011110?
-10101001110
In base 3, what is 22212000 + 202?
22212202
In base 16, what is 27fd + 6?
2803
In base 8, what is -3241 + -217?
-3460
In base 7, what is 3 + 35260?
35263
In base 15, what is -21226 - 5?
-2122b
In base 12, what is -14 - -2a?
16
In base 2, what is -10010110010101001 + 111111?
-10010110001101010
In base 13, what is 18 + -648a?
-6472
In base 16, what is 3 + -7675?
-7672
In base 8, what is -152155 - 46?
-152223
In base 2, what is -1000000 - -11001011?
10001011
In base 2, what is 110011 - 100110110101?
-100110000010
In base 3, what is 100210212 - -21?
100211010
In base 16, what is 1f + -9d3?
-9b4
In base 4, what is -11333 - 10123?
-22122
In base 8, what is -472 + 761?
267
In base 8, what is 2140776 + 1?
2140777
In base 5, what is 10 + 1023321?
1023331
In base 2, what is -1000000000101101111101 + -101?
-1000000000101110000010
In base 9, what is 164 + 3053?
3227
In base 12, what is 183 - 36?
149
In base 14, what is 3 - 10528?
-10525
In base 7, what is -126 + 135063?
134634
In base 6, what is -32530235 + 2?
-32530233
In base 15, what is -1ea40 - -d?
-1ea32
In base 10, what is 35254 - 4?
35250
In base 9, what is -5783 + 11?
-5772
In base 6, what is 2013 + -201?
1412
In base 7, what is 34 + 6040?
6104
In base 8, what is -5 - -46071?
46064
In base 7, what is 235 - -213?
451
In base 11, what is a5 - 5364?
-526a
In base 14, what is 402 - -89?
48b
In base 8, what is -56 + -1716?
-1774
In base 11, what is 11aa67 - 1?
11aa66
In base 6, what is 32 + 25130?
25202
In base 4, what is 3222021 - 233?
3221122
In base 5, what is -143 + -33314?
-34012
In base 12, what is 57a16 + -9?
57a09
In base 6, what is -1052041 + 11?
-1052030
In base 10, what is 220841 + 5?
220846
In base 12, what is -4 - -5b73b?
5b737
In base 11, what is -20 - -5329?
5309
In base 15, what is 6b31 + 5?
6b36
In base 10, what is -495 + -546?
-1041
In base 5, what is 21 - -10114011?
10114032
In base 12, what is -61a3 - -4?
-619b
In base 15, what is 51 + 16?
67
In base 11, what is 0 + -138882?
-13888